+ 8 = 3*k. Let a be 14/(-6)*12/m. Suppose -2*d - a = -3*d - 2*j, 2*j = 4*d - 8. What is the units digit of d?
3
Let z = 9 - -1. Suppose -4*u = 2*t + 2 - 4, 5*u + t - z = 0. What is the units digit of (u - 2)*(16 - -1)?
7
Let k = -47 - -51. What is the units digit of k?
4
Let p be ((-8)/(-1))/(4 - 5). Let z be (-8)/(1/(-4)*-2). Let a = p - z. What is the units digit of a?
8
Let v = 78 - 50. What is the units digit of v?
8
Let t = 35 - -47. What is the units digit of t?
2
Let u = 119 + -28. What is the units digit of (1 + 5)/(26/u)?
1
Let l(b) = 2*b**2 - 3*b + 3. Let u be l(2). Suppose -u*n = -201 + 11. What is the tens digit of n?
3
Let o be 2/(-3)*3/2. Let f = -33 + 29. Let g = o - f. What is the units digit of g?
3
Suppose 6*l = l + 30. What is the units digit of (l/(-3))/(2/(-3))?
3
Suppose 14 = -2*i - 2*k, -4*i - k - 28 = 2*k. What is the tens digit of ((-21)/6)/i*36?
1
Let b(p) = p**3 - 7*p**2 + 7*p - 4. Let g be b(6). Let k = 1 + g. Suppose -8*h - 3*f = -3*h - 27, k*h - 3*f + 3 = 0. What is the units digit of h?
3
Let z(t) = t**3 - 12*t**2 + 12*t - 6. Let o be z(11). Let p(c) = -c**2 - 10*c - 7. Let h be p(-8). Let k = h - o. What is the units digit of k?
4
What is the units digit of (1/2 + -1)/((-19)/4142)?
9
Suppose 4*m - 7*o - 220 = -3*o, -2*o - 226 = -4*m. What is the units digit of m?
8
Let q(y) = y**2 + 4*y - 5. Let x be q(3). Let f = x - -11. What is the tens digit of f?
2
Suppose 3*l - 8 - 7 = 0. Suppose 2*a + 12 = q - 2, -l*a = -2*q + 23. What is the units digit of q?
4
Let d(n) = -n**3 + 3*n**2 - n + 13. What is the units digit of d(-4)?
9
Let p be -4*((-3)/(-6) + -1). Let f(b) = b**3 - 4*b + 3. Let x be f(p). Suppose x*c - 3 + 0 = 0. What is the units digit of c?
1
Let x be (44/6)/(2/3). Suppose 3 + x = -y. What is the units digit of 12/y*1*-7?
6
Let o be (2 + -14)/3*-12. Suppose 12 = -4*c, -3*q + 3*c + o = c. What is the units digit of q?
4
Suppose -4*a = -5*g - 21, a - 2*a + 2*g = -9. Let c(l) = -5*l - 5. Let h(u) = u + 1. Let p(o) = a*c(o) - 4*h(o). What is the units digit of p(6)?
7
Let c(a) = -a**3 + 5*a**2 - 5*a + 2. Let v be c(3). Suppose -n - 40 - 14 = v*y, -5*y = -n - 14. Let i = -22 - n. What is the tens digit of i?
1
Let b(i) = -i**2 + 5*i. Let m be b(6). Let u be ((-2)/m)/(2/6). What is the units digit of (-2 + 9)/(2 - u)?
7
Let v be 2/6 + (-38)/6. Let o = v + -4. What is the units digit of (-2)/(-3)*(-75)/o?
5
Let m = 8 - 8. Suppose l + 3*l - 4*f = 64, m = -3*f - 15. What is the tens digit of l?
1
What is the tens digit of ((-78)/4)/(6/(-8))?
2
Suppose -2*q + 10 = 3*r, 4*q - 5*r + 2 = -0*r. Let x(n) = 1 + 4*n**2 + 1 + n - 1 + 6*n**q. What is the tens digit of x(-1)?
1
Suppose 3*j + 5*v = 20, 2 = -0*v + 2*v. Suppose 3*h = j*b - 5 - 21, -6 = -4*b - 5*h. What is the units digit of b?
4
Let k be 16/(-6)*(0 + -3). Let d be 7/2*k/(-2). What is the units digit of (-4)/d - (-26)/7?
4
Suppose 2*p - 5 + 20 = k, -20 = -2*k + 2*p. Suppose 8*v - 48 = k*v. What is the units digit of v?
6
Suppose 2*b = -4*u + 1 + 49, 4*b = 5*u + 61. What is the units digit of b?
9
Suppose -3*d - 3*t + 969 = 0, 2*t = -5*d - 2*t + 1615. What is the hundreds digit of d?
3
Suppose -3*v = -4*n - 61, -3*n = -2*n + 2*v + 7. What is the units digit of -3 - (3 - 2)*n?
0
What is the tens digit of (23/((-69)/270))/(1/(-2))?
8
Let k = -36 + 75. Suppose 9 = 5*r + k. Let i(m) = -m + 1. What is the units digit of i(r)?
7
What is the units digit of (3 + 30)/(5/((-30)/(-9)))?
2
Suppose 4*s + a - 108 = 0, -4*s + 96 = -5*a + 3*a. What is the units digit of s?
6
Let v be 12/10*75/6. Suppose 0 = 2*q + h + 15, 3*q - 2*h = -3*h - 23. Let o = q + v. What is the units digit of o?
7
Let q = 8 - 4. Suppose -17 = -q*n + 3. What is the units digit of n?
5
Let a be 8/3 - (-2)/(-3). Let x(m) = -2*m**2 - 3*m**2 - m**3 + 1 - a*m**2. What is the units digit of x(-7)?
1
Suppose -r + 4 + 2 = -4*a, 4*r - a = 9. Suppose -c - g + 35 = 2, r*g - 177 = -5*c. What is the units digit of c?
7
Let t(q) = -10*q + 2. Let m be 4/(-10) + 6/(-10). What is the units digit of t(m)?
2
Let g(a) = a**3 + 5*a**2 - 7*a - 5. Let k be g(-6). Let j = 3 - k. Suppose -2*d = j*d - 40. What is the units digit of d?
0
Suppose 394 = 4*g + 2*d, 0*g + 520 = 5*g - 3*d. What is the units digit of g?
1
Let b = 26 + -19. What is the units digit of b?
7
Let c = 416 + -688. What is the tens digit of c/(-12) - (-3)/9?
2
Let t = -45 - -83. What is the units digit of t?
8
Let u be (15/10)/((-1)/(-18)). What is the units digit of u/(-3 - -6) + 0?
9
Suppose -6*a + 630 = -0*a. What is the units digit of a?
5
Let j(t) = -t**3 - 4*t**2 + t + 10. What is the units digit of j(-5)?
0
Let d(f) be the second derivative of -f**5/20 + f**4/4 + f**3/2 + 4*f. Let l be d(3). Suppose -1 = -5*k + l. What is the units digit of k?
2
Let b(o) = -o**2 - 6*o + 2. What is the units digit of b(-3)?
1
Suppose -462 = -4*i + 2*t, 0 = t + t + 10. What is the hundreds digit of i?
1
Let z be (1 + -11)*15/(-6). Let b = 64 - z. Suppose -5*l + b = -11. What is the units digit of l?
0
Suppose 2*k = 111 + 331. What is the units digit of k?
1
Let m = 22 - 22. Let x(c) be the third derivative of -c**6/120 - c**5/60 + c**4/24 + c**3/6 - c**2. What is the units digit of x(m)?
1
Let y = -4 - -2. Let h(b) = -2*b**3 - 2*b**2 - 2*b - 2. What is the tens digit of h(y)?
1
Let b(j) = -j - 1. What is the units digit of b(-6)?
5
Suppose 0 = 3*k + 5*o - 63, -6*k = -5*k - o - 13. What is the tens digit of k?
1
Suppose 4*b - 1 = 7. What is the tens digit of 2/(b/174*6)?
2
Suppose -2*p - 4*b - 45 = p, 9 = -3*b. Let y = p - -16. Suppose -y*d + 8 = -2. What is the units digit of d?
2
Let r(h) = -6*h + 0*h**2 - h**2 + 0*h - 5. Let b be 2/(-5) - 144/40. What is the units digit of r(b)?
3
Suppose 4*a + 7*a - 264 = 0. What is the units digit of a?
4
What is the tens digit of -12*3*(-20)/18?
4
Let c = -293 - -547. What is the units digit of c?
4
Suppose -5*b - 3*l - 20 = 0, -l + 4 = -b - 3*l. What is the units digit of 25 - b*3/6?
7
Suppose 2*o = 4*l - o - 57, -3*o + 51 = 5*l. Let b = -4 + l. What is the units digit of b?
8
Suppose -5*b = t - 4*t + 1233, -4*t + b = -1627. What is the tens digit of t?
0
Let q = -12 - -9. What is the tens digit of (-54)/(-5) + q/(-15)?
1
Suppose 3*c = -d - 2*c + 57, 4*d - 198 = -5*c. What is the tens digit of d?
4
Suppose -2*r + 6 = -3*h + 2, 4*h + 4*r - 8 = 0. Let g be 4/8 + (-10)/(-4). What is the units digit of h/(-2) - (g + -6)?
3
Let v(g) = g**3 - g**2 - g + 7. Let t be v(0). Let z be 1*(0 + -6) + -2. Let w = t - z. What is the units digit of w?
5
Suppose d = -2*d + 3. Let j be (d - 20/(-2)) + 1. Suppose -5*t + t = -j. What is the units digit of t?
3
Let z be (-7 + -15)/(-2 + 0). Let h(g) = -g**3 + 6*g**2 + 7. Let n be h(6). Let d = z - n. What is the units digit of d?
4
Suppose 6*x - 5*x - 23 = y, 4*x - 3*y = 90. What is the units digit of 0 - 4/((-4)/x)?
1
Let v = 74 - 62. Let a = -8 - 192. What is the tens digit of a/(-14) + v/(-42)?
1
Suppose -9 = -f + 18. Suppose -4*x - 22 = -2*u + u, f = u - 5*x. What is the units digit of u?
2
Let i = 17 - 11. Let b = -1 + i. What is the units digit of b?
5
What is the hundreds digit of 199 - 2*(2 + -1)?
1
Let r(i) = -i**2 - 13*i + 20. What is the tens digit of r(-10)?
5
Let y be (-198 + -3)*(-1)/3. Suppose -4 = -3*a - y. What is the units digit of (-88)/(-14) - (-6)/a?
6
Let w(r) = -18*r - 4. Let h be w(-4). Let k = h - 40. Suppose p + k = 3*p. What is the units digit of p?
4
Let x be (-5000)/(-48) + (-1)/6. Suppose -5*z = -x + 14. What is the tens digit of z?
1
Suppose 7*r - 5*u - 117 = 4*r, 5*u + 49 = r. Let s = -22 + r. What is the tens digit of s?
1
Let h(o) = -o**3 - 9*o**2 + o - 16. Let r be h(-9). Let u = r + 68. What is the units digit of u?
3
Let x(j) = j - 1. Suppose -5*s + 4*s + 19 = 0. Let y = 30 - s. What is the tens digit of x(y)?
1
Suppose 13 - 3 = 2*c, -5*q = 3*c - 15. Suppose q = 4*b - 6 - 42. What is the units digit of b?
2
Suppose 7*a = 4*a, 4*s - 2*a - 20 = 0. Suppose -s*f = 5*b - 95, b - f - 10 = 13. What is the units digit of b?
1
What is the units digit of (18/(-12))/((-9)/24)?
4
Let l be 6/(-10) - (-4)/(-10). What is the units digit of 8/(l - -3) - 3?
1
What is the units digit of 2/((-3)/54*-4)?
9
Suppose 13 = 2*u + 2*u - q, 10 = -5*u - 4*q. Suppose 2 = u*d - 2. Let l = 0 + 